+ 2. Let j = 85 - 60. Suppose -3*y = 4*t - 2 - j, 3*y = 15. Give r(t).
-8
Let u(n) = -n**3 - 6*n - 12. Let j(w) = 5*w + 10. Let t(a) = -5*j(a) - 4*u(a). Calculate t(-1).
-5
Let m(c) = 2*c - 1. Let v(i) = i**2 + 19 - 2*i**2 + 0 + 6*i. Let o be v(8). Suppose -o*x - 23 = -5*h, -h - 3*x + 2 = -x. What is m(h)?
7
Let h(a) be the second derivative of a**4/4 - 3*a**2/2 - 27*a. Let k(u) = -5*u**2 + 7. Let r(o) = -7*h(o) - 4*k(o). What is r(0)?
-7
Let s be 22/(-24) + -6*6/(-36). Let g(u) be the third derivative of s*u**4 + 1/60*u**5 - u**2 + 0*u + 0 + 1/3*u**3. Determine g(-2).
2
Let h be 3/6*(-10 - 0). Let q(z) = -17 - 3*z - 23 - 18 + 62. Calculate q(h).
19
Let x = -122 - -128. Suppose -3*n = -x, 0*d = 4*d + n - 10. Let k(j) = 2*j. Let i(f) = f. Let s(o) = -9*i(o) + 4*k(o). What is s(d)?
-2
Let i be (-10)/(-7) - 4/(-7). Let d(q) = 8*q**2 + 3*q**i + 6*q - 10*q**2. Calculate d(-4).
-8
Let a = -46 - -52. Suppose -x - d + 2 = 0, 2*x - a*d + d = -10. Let l(n) = -n**3 - n**2 - 7. What is l(x)?
-7
Let i(k) = 2*k - 9. Let f be i(6). Let u(d) = -d**2 + d + 3. Let n be u(f). Let h(b) = -5*b + 6. Let t(x) = -x + 1. Let g(z) = h(z) - 6*t(z). What is g(n)?
-3
Let p(a) = a + 11. Let k(u) = -u**3 + 8*u**2 + 18*u + 30. Let t be k(10). Determine p(t).
21
Let s(h) = 1829 + 6*h - 4*h**2 - 1837 + 2*h**3 - 7*h**2. Give s(5).
-3
Let r(c) = -7*c - 107. Let l(o) = -8*o - 127. Let z(y) = 6*l(y) - 7*r(y). Suppose 6*f - 5*f = 9. Determine z(f).
-4
Let r = -27 + 60. Let c(y) = -r*y**2 + 34*y**2 - 4*y + 3*y. Give c(-1).
2
Let v(j) = -2*j + 30. Suppose -6*r + 77 = -13. Determine v(r).
0
Let n(l) = 332 - 167 + 5*l - 163. Suppose 4*s + t + 3 = 0, -2*t - 6 = 2*s - 3*s. Suppose -2*a + s*a - 4 = 0. Determine n(a).
-8
Let k(p) = -6*p - 5. Let x(q) = 20*q + 17. Let r(u) = -14*k(u) - 4*x(u). Give r(-2).
-6
Let b(l) = 13*l**2 - 24*l + 31. Let r(v) = -7*v**2 + 12*v - 16. Let t(a) = 6*b(a) + 11*r(a). Calculate t(11).
-1
Suppose d = 2*l + 7, d - 2*d + 5*l + 7 = 0. Let w = 91 - 84. Let c(p) = 6*p - w*p + 4*p - 5. Calculate c(d).
16
Suppose -u = -4*u - s + 17, s = 2. Let h(m) = 2*m + 1. What is h(u)?
11
Let i(k) = k**2 - 6. Let m be i(3). Let p(l) = 4*l + 7 - 3*l + 3*l - 5*l + 6*l**2 - l**m. Determine p(6).
1
Let w be 1/2 + 7/2. Suppose -v + s = -w, -s = -5 + 4. Suppose -3 = g - x - 2, v*x = -g + 29. Let m(j) = -j**3 + 4*j**2 + j + 1. Give m(g).
5
Suppose 2*k = k. Suppose k*o = o - 21. Let a = 18 - o. Let n(g) = g + 4. Determine n(a).
1
Let l(r) be the third derivative of 43*r**5/60 + r**3/6 - 5*r**2 - 65*r. Give l(1).
44
Let i(g) = 2*g**3 + 10*g**2 + 6*g - 24. Let a(c) = c**3 + 5*c**2 + 3*c - 12. Let m(d) = 13*a(d) - 6*i(d). Calculate m(-5).
-27
Let p(g) = -g**3 + 9*g**2 - 8*g - 5. Suppose -2*n - 4*r - 24 = 0, -10 = n - 3*r + 2. Let k be (-62)/(-8) - n/48. Determine p(k).
-5
Let g = 92 + -95. Let h(u) = -30 + u**3 + 0*u**3 - u - 3*u + 26. Determine h(g).
-19
Let u(f) = -2*f**3 + 12*f**2 + 4*f + 6. Let r(t) = 0*t + 3*t - t - t**3 - 2 + 6*t**2 + 5. Let p(m) = 7*r(m) - 4*u(m). Determine p(6).
-15
Let w be -3 + 18/(6 - 3). Let l(t) = 3*t**2 - t + 3 - 2*t + 4*t + t**w. Calculate l(-3).
0
Let g(b) = 175 - 531 + 172 + b + 174. Give g(7).
-3
Let x = -67 - -56. Let r = -14 - x. Let a(b) = -b + 3. Calculate a(r).
6
Suppose 7*s = 3*s - 16. Let c(i) = i**3 + 5*i**2 - 2*i - 3. Let l(f) = f**2 - 1. Let j = -3 + 4. Let z(p) = j*l(p) - c(p). Determine z(s).
-6
Let r(q) = -11*q**3 - 8*q**2 - 6*q - 24. Let y(p) = -2*p**3 + p - 2. Let l(i) = -r(i) + 5*y(i). Calculate l(-7).
-14
Suppose -l = -5*b - 30, -4*l + 3*b + b + 40 = 0. Let w(m) be the first derivative of m**2 - m + 4. Calculate w(l).
9
Let s(j) = -6*j**2 + 2*j - 3. Suppose 2*k - k - 8 = -4*w, -w = k + 1. Let g(b) = -w - b**2 - b + 2 + 2*b. Let u(v) = -5*g(v) + s(v). Give u(-5).
-8
Suppose 4*s - 13 = 3*b - 8*b, 3*b = -4*s + 3. Let g(d) = -5*d - 3 + 13*d - b*d. What is g(4)?
9
Let g = -27 - -29. Let r(v) = g + 5 - v + 0*v - 4. Suppose 4*u = 3*m + 19, 4*u + 4*m = -m + 11. Give r(u).
-1
Suppose 4*k - 2 - 6 = 0. Suppose 3*w + 15 = 5*q, 6*q - 8*q - 5*w + 6 = 0. Let z(c) = 4*c**2 + c**q - 5*c**2 + 0*c**3 - c**2 + 3*c - 3. What is z(k)?
3
Let j(x) = x**2 + 2*x - 3. Suppose 0*s + 4*s + 48 = 0. Let t = -22 - s. Let i be t/4 + (-3)/6. Determine j(i).
0
Suppose 5*q - 11 = 4. Suppose q*p + 2*p = -5. Let t(w) = -3*w. Give t(p).
3
Let z(h) = -h**3 + h**2 + 2. Suppose 325 = 7*w + 311. Determine z(w).
-2
Suppose 2*b + 4 = 3*o + 23, -5*b = 2*o. Let u(c) = 3*c + 0*c**2 + 3*c**b + c - 5 - 2*c**2. What is u(-6)?
7
Let r(z) = 8 - 9 - 78*z + 68*z + z**3 + 3 + 7*z**2. Suppose -5*b - 40 = -0*b. Give r(b).
18
Let m(h) be the third derivative of h**5/60 - 11*h**4/24 + 7*h**3/3 - 120*h**2. Determine m(11).
14
Let r(l) be the first derivative of l**4/24 + 5*l**3/6 - 13*l**2 + 14. Let a(n) be the second derivative of r(n). Calculate a(4).
9
Let l(f) = 3*f + 15. Let v(j) = -2*j - 13. Let i(x) = 4*l(x) + 5*v(x). Let g(n) = -n**2 - 3*n + 33. Let p be g(-7). Determine i(p).
5
Let x(p) = p**2 + 11*p - 19. Let j be -13*(6 + -9)/(-3). What is x(j)?
7
Let s(z) = 7*z + 2. Suppose 0*o - 2 = 2*o - 4*d, -d + 5 = -2*o. Calculate s(o).
-19
Let o(c) be the third derivative of -c**6/120 + 3*c**5/20 - c**4/8 + 7*c**3/3 + 671*c**2. What is o(9)?
-13
Let n(i) = i**3 + 7*i**2 + 4*i - 3. Suppose -2*v + 6 = -0*v. Suppose 4*q + v*w + 24 = 0, -2*q + 0*w - 12 = 4*w. Determine n(q).
9
Suppose x + 334 = 339. Let f(s) = -5*s - 5. Give f(x).
-30
Let d(k) be the first derivative of -k**4/12 - k**3/3 - 3*k**2 + 1. Let r(j) be the second derivative of d(j). Let f = 1 - 5. What is r(f)?
6
Let a(y) = 6 - y + 3*y + 2 - 5. Let l(f) = -f - 1. Let t = -37 + 34. Let w(o) = t*l(o) - a(o). Calculate w(-1).
-1
Let b(y) = y**2 + y. Let s(q) be the third derivative of q**5/30 + 5*q**4/8 + 2*q**3/3 - 23*q**2. Let p be s(-7). Calculate b(p).
6
Let x = 32 - 27. Let o = 0 + x. Let p(y) = 1 - 4*y + y**3 - 6 + 13 + o*y**2. Determine p(-6).
-4
Let d(c) = 6 + c - 3 - 4. Suppose 3*y - 8 = 4*m, -5*m = -4*y + 6 + 5. Let v be d(m). Let x(l) = l**2 + l - 3. Determine x(v).
-3
Let b be (20/25)/(4/10). Let p = -1 + b. Let u(q) = 13*q**3 + 2*q**2 - 2*q + 1. Give u(p).
14
Let t(v) be the third derivative of -v**5/60 + 5*v**4/24 - v**3/6 + 507*v**2. Determine t(4).
3
Suppose -x = -34 + 27. Let b(l) = -l**2 + 6*l - 4. Give b(x).
-11
Suppose 76*c - 75*c = 3. Let y(p) = -2*p. Give y(c).
-6
Let a(y) be the second derivative of 1/2*y**2 + 1/12*y**4 + 1/2*y**3 + 0 - y. Give a(-4).
5
Let s(w) = 3*w**2 + w - 1. Suppose -5*y - 5*y + 140 = 0. Suppose -2*u - y + 4 = -2*z, 2*u = 3*z - 11. What is s(z)?
3
Let a(r) = 6*r + 2. Suppose 47*b = 38*b - 18. Calculate a(b).
-10
Let p(n) = n - 10. Let d(q) = -q**2 - 17*q - 72. Let j be d(-9). Determine p(j).
-10
Let m(y) = -2 + 2*y - 3*y - 9. Let b = -45 + 47. Suppose -2*o = b*o. What is m(o)?
-11
Suppose 3*u - 4*u = -3. Let x(j) = 2*j**3 + j**2 - j + 1. Let n be x(1). Let f(c) = -c + n*c - 1 - 5*c. What is f(u)?
-10
Let f be (-15)/6*(-6)/15. Let y(r) = -r + 5. Let s be y(f). Let v(l) = -2*l + 3. Give v(s).
-5
Let u(l) be the third derivative of l**6/120 - l**5/15 + 5*l**4/24 - l**3/3 - 2*l**2. Let y(c) = 2*c - 21. Let a be y(12). Determine u(a).
4
Let c(h) = -h**3 - 4*h**2 + 7*h - 4. Let p = -138 - -136. Let a(s) = 13 + 12*s**2 - 14*s - 5*s**2 + 3*s**3 - 6. Let d(x) = p*a(x) - 5*c(x). Give d(5).
-4
Let n(b) be the first derivative of -b**3/3 - 2*b**2 + 2*b + 3. Let c = 94 + -98. Determine n(c).
2
Let w(p) = p**3 + 3*p**2 - p + 3. Suppose -3*f - 10 = -j, -f + 3*j = j + 5. Calculate w(f).
6
Let u(i) = 11*i**3 - 2*i**2 + 1. Let w = -43 - -105. Let o = w + -63. Calculate u(o).
-12
Let k be (-8)/(-3)*15/(-4). Let q be (8/k)/(4/(-20)). Let w(t) = -5 - 23*t**2 + 29*t**2 + q + t. What is w(1)?
6
Let q(g) = -16*g**2 - 12*g + 11. Let k(p) = -3*p**2 - 3*p + 2. Let y(v) = -11*k(v) + 2*q(v). Give y(-9).
0
Let g(b) = -3 - 28*b**2 - 4 + 36*b - 42*b + 27*b**2. Calculate g(-5).
-2
Let s(m) = -3*m**2 - 12*m + 18. Let d(p) = p**3 + p**2 - p + 5. Let h be d(0). Let q(b) = -2*b**2 - 6*b + 9. Let x(i) = h*q(i) - 3*s(i). What is x(6)?
-9
Let s(x) be the third derivative of -x**7/280 + x**4/24 + 20*x**3/3 - 28*x**2. Let y(q) be the first derivative of s(q). Give y(1).
-2
Let n(r) = 13 + r**3 - 6*r**2 - 49 + 9 + 23 - 4*r + 0*r**3. Dete